 -8*a - v = -4*a - i, 3*a - 3*v = 10914. Is a composite?
True
Suppose -2*v - 2*p = 4, 2 = 3*p + 14. Suppose -v*o - x + 23729 = 0, 10*x - 15*x = -3*o + 35574. Is o a prime number?
True
Let q = 625 - 250. Let f = q - -22. Is f a prime number?
True
Suppose -2179*t + 671727 = -2158*t. Is t a prime number?
False
Let c = 945 - 1961. Is 7/((-1)/c*8) prime?
False
Suppose 0 = 8*j - 6*j - 4*y - 119134, 0 = j + 3*y - 59547. Is j a prime number?
False
Let u = 110 - 40. Suppose b - u = 42. Suppose 0 = -2*x - 2*a - 0*a + b, 3*x - 5*a = 192. Is x a prime number?
True
Let a(d) be the first derivative of 51*d**5/40 - 5*d**4/3 + 9*d**3 + 22. Let v(m) be the third derivative of a(m). Is v(9) composite?
True
Let w = 143 - 58. Is (w/35 - 3) + 1954/14 composite?
False
Let w(n) = -724*n**3 + 8*n**2 + 8*n + 37. Is w(-6) composite?
True
Suppose 0 = -4*s + 783806 + 131865 - 20499. Is s a prime number?
False
Suppose -3*c + 88490 = 4*t, c = t - 3*c - 22113. Is t composite?
True
Let k be (-2 + 14)*363/4. Suppose 4*o - 4338 = 5*g, 5*o = 4*o - g + k. Is o a composite number?
False
Let w(n) = 117*n - 5. Let f(v) = v + 22. Let s be f(-20). Suppose i + s*r - 13 = -0, -5*i + r = -54. Is w(i) a prime number?
False
Let y(n) = 7301*n**3 - 2*n**2 - n + 5. Is y(2) prime?
True
Let p be 35/49*(4 + 3). Let z(k) = 43*k**3 + k**2 + 3*k - 34. Is z(p) a composite number?
False
Let v be 3/(4/14 + (-11667)/40614). Let c = v + -743. Let l = 2410 - c. Is l a composite number?
False
Let q(b) = 14702*b + 2789. Is q(14) prime?
False
Let j(b) = -b**3 + 11*b**2 + 5*b - 11. Suppose 0 = 5*w + 4*s - 82, 0 = w - s - 16 + 5. Suppose -10*o = -w*o + 40. Is j(o) a composite number?
False
Suppose 1148 = 4*i - 72. Suppose -4*s - 6*y + 5*y - 772 = 0, s - 4*y + 176 = 0. Let g = i + s. Is g composite?
False
Suppose -713*z + 240596 = -709*z. Let w = -40102 + z. Is w composite?
False
Suppose -13*m - 58709 + 281581 = 0. Let k = m - 11160. Let u = k - 4035. Is u a prime number?
True
Suppose -2*x - 5*x - 35 = 0. Let w be (x + 4)*(-4)/(-1). Is 0 + (-78)/(-6 - w) a composite number?
True
Suppose 4*h + 2*x = 202332, 5*x + 35452 = h - 15109. Is h a composite number?
False
Let x = -8818 - -17221. Is x prime?
False
Let g = -13 - 4. Let h(y) = y**3 + 20*y**2 + 37*y + 1. Let r be h(g). Let p = r - 98. Is p composite?
True
Let f(b) = 25245*b**2 + 63*b - 61. Is f(1) a prime number?
True
Let c(s) = 8*s - s**3 - 3459 - 3*s**2 + 11*s - 30*s. Let a(j) = 2*j**3 + 7*j**2 + 23*j + 6919. Let t(p) = -4*a(p) - 9*c(p). Is t(0) a composite number?
True
Suppose 0 = -210*s + 31523498 + 25160332. Is s a composite number?
False
Let l(i) = -2403*i - 5291. Is l(-4) prime?
False
Let o(g) be the third derivative of 175*g**4/4 + 187*g**3/6 - 83*g**2. Is o(7) a prime number?
True
Let f = 6930 + 60693. Is f prime?
False
Let n = 49548 - 8875. Is n composite?
True
Suppose 0 = -17*s + 13*s + 32. Suppose -4*a + s = -0*a. Suppose a*n - 6*n + 852 = 0. Is n a prime number?
False
Is (3 + -12597)*625/(-750) a composite number?
True
Let k(t) = 1654*t**2 - 22*t - 39. Is k(8) prime?
False
Suppose 3*j = 6*j - 66. Let g be (-9)/27 + j/(-6). Is (968/(-2))/g - 3 a prime number?
False
Let t = 13151 - 5337. Let p = -4179 + t. Is p prime?
False
Let k = 92 - 87. Suppose 3*x = k*a + 23128, -10*a = -12*a + 2. Is x prime?
False
Let z(t) = 523*t + 4. Suppose 3*v - q + 0*q - 2 = 0, 4*v - 3 = q. Is z(v) a composite number?
True
Let n(w) = -w**3 + 14*w**2 - 11*w + 9. Let m(u) = -u**3 - 8*u**2 - 10*u - 8. Let a = -58 - -51. Let r be m(a). Is n(r) prime?
False
Suppose -b - 2*k = 4, 0 = 2*b + b + 4*k + 4. Suppose 1407 = -b*g + 7*g. Is g a prime number?
False
Let p = -5665 - -35094. Let b = 17759 - p. Is (-1)/(8/b) - (-5)/20 prime?
True
Let a be -2 - (-15 + 4 - 3). Suppose 3*s - a*s + 17397 = 0. Suppose -4*w + 597 = -2*v + 1571, 4*v = 3*w + s. Is v a prime number?
False
Suppose -41336 = -102*u + 614830. Is u prime?
False
Let y = 4253634 + -1941613. Is y a composite number?
False
Suppose 19*y = -24*y - 33454. Let w = 111 - y. Is w a composite number?
True
Let y(w) = 1268 + 686*w - 2532 + 1267. Is y(5) a composite number?
False
Let s(j) be the third derivative of -j**5/60 + 7*j**4/12 + 6*j**3 - 21*j**2. Let a be s(16). Suppose -a*r + 704 + 1084 = 0. Is r a prime number?
False
Let n(q) = 195*q**2 + 703*q - 9. Is n(-21) prime?
False
Suppose f - 3*f = 2*x + 8, 5*f - 3*x = -20. Let c be f/(8/(-4068)*3). Suppose 0 = 3*u - 12*y + 8*y - 1019, 0 = -2*u + 2*y + c. Is u a prime number?
True
Let i be 5 - (3 - 6)*-1. Suppose -i*r + 381 = r + 3*h, -2*r + 4*h = -278. Let c = 72 + r. Is c composite?
True
Suppose 11*h = 6079 + 22290. Is h prime?
True
Suppose 5*p + 5*u + 650 = 0, -2*u - 29 + 429 = -3*p. Let h be -2 + (-60)/(-32) - p/32. Suppose h*x + b - 444 = 3*x, 5*b + 1821 = 4*x. Is x a prime number?
True
Is -16 + 17406/54*2115 a prime number?
True
Let p = 2 + -17. Let y be (-460)/p + (-2)/3 + 1. Suppose -y*s = -36*s + 4395. Is s a prime number?
False
Is 260907/(-10 + (-4 - -15)) composite?
True
Suppose -22*k + 29*k + 176687 = 671790. Is k prime?
True
Let p(v) = 5408*v**2 - 6*v - 133. Is p(7) prime?
False
Let z(l) = 17*l**3 - 5*l**2 - l - 4. Let f be (-185)/(-25) + 2/(-5). Let b be z(f). Suppose h = 3*y - 10784, -5*y = 5*h - 23515 + b. Is y composite?
False
Let w(y) = -y**2 - 13*y - 20. Let m be w(-4). Suppose -m*o + 190010 = -6*o. Is o composite?
False
Suppose 333*m - 338694 = 332*m + 3*p, 5*p + 1693500 = 5*m. Is m a composite number?
True
Suppose -29 = 6*w - 47. Let t be w - (-174)/(-54) - (-673)/(-9). Let k = t - -149. Is k prime?
False
Let d(y) = 32*y**2 + 27*y + 38. Let f be d(11). Suppose -f = -6*k + 1055. Is k a prime number?
True
Is 1*5/(100/(-8))*-2123785 composite?
True
Let m = -53 - -56. Suppose g = 5*x + 399, -m*x + 1646 = 4*g + 2*x. Is g composite?
False
Suppose 0 = -3*m + 2*o + 457109 + 744970, -3*m + o = -1202076. Is m prime?
False
Suppose -39*i = -23406176 - 3030247. Is i a composite number?
False
Suppose -6*o = 31*o + 15*o - 6105892. Is o composite?
True
Let s(d) = 69*d + 38*d - 10 - 4. Suppose 4*n - 5 = 5*v, 8*n = 13*n + 4*v - 37. Is s(n) a composite number?
False
Is (587260/80)/((3 + -5)/(-16)) prime?
False
Let q(p) be the second derivative of 739*p**3/6 - p**2 - 321*p. Let x be 4/6 - 14/(-6). Is q(x) prime?
False
Let w = -138190 + 247397. Is w prime?
False
Suppose 26*n + 121921 - 308942 = -3*n. Is n a composite number?
False
Let r = 4760 - 881. Let m = r + -2222. Is m a prime number?
True
Let t be -19*(-2 - 4)*3/(-6). Let f = t - -60. Suppose 5*o + 4*h - 11019 = f*h, -5*h - 10995 = -5*o. Is o a composite number?
False
Suppose -304*h = -290*h - 70. Let c(u) = -8*u**3 - 19*u**2 - 4*u - 2. Let y(g) = 4*g**3 + 9*g**2 + 2*g + 1. Let b(t) = 6*c(t) + 13*y(t). Is b(h) composite?
True
Let c be -3*2*13/6. Let n(l) be the third derivative of -l**6/120 - 11*l**5/60 - 5*l**4/24 + l**3 + 867*l**2. Is n(c) a composite number?
False
Let m be 0/(-2) + (1 - 0) - -13. Suppose -23*s + m*s + 11313 = 0. Is s a prime number?
False
Let f(l) = 1130*l**3 - l**2. Let n be f(1). Let h be 7*78 + (3 - 3)/(-1). Let a = n - h. Is a a composite number?
True
Suppose 558162 = 86*n - 2891194 - 3530146. Is n a prime number?
True
Let v(y) = -4*y**2 - 22*y + 1. Let q be v(22). Let f = q + 3624. Is f prime?
False
Let q(v) = 8468*v**3 - 3*v**2 + 6*v - 4. Suppose 3*m = 5*g - 7, 3*m = 10*g - 7*g - 3. Is q(m) prime?
True
Suppose 7*v - 11*v - 715778 = -2*i, 3*v = -18. Is i prime?
False
Suppose 8743 - 358961 = -11*x. Let j = x + -18715. Is j composite?
True
Let b = -25 - -25. Suppose b*r + 12408 = -3*r. Is ((-9)/(36/r))/2 a prime number?
False
Is (-7 + 14 - -4) + 25566 prime?
True
Let u = -123003 - -187070. Is u a composite number?
False
Suppose 22*i - 110 = 0, 3*c + 257267 = -3*i + 850685. Is c prime?
False
Is 8 - (-380128 + 42/12*-2) prime?
False
Let t(o) = 2674*o**3 - 29*o**2 + 23*o - 96. Is t(7) a prime number?
False
Let c(x) = x + 13. Let z be c(-8). Is ((-11558)/5)/((-2)/z) composite?
False
Let j = -28 + 30. Suppose 3*r - a - 36116 = 0, j*a + 69515 = 5*r + 9322. Is r composite?
True
Suppose -30*d + 22*d = 31*d - 1446042. Is d prime?
False
Suppose -12*n + 10*n = -26. Let c(g) = -g**3 + 4*g**2 + 9*g - 10. Let l be c(-7). Let k = l + n. Is k a composite number?
False
Let f(s) = -20*s**2 - 13*s + 29. Let i be f(1